Sélectionnez une année ou un mois pour voir un rapport
V/Λ2024 > Jan Fév Mar Avr Mai Jui Jul Aou Sep Oct Nov Déc
V/Λ2023 > Jan Fév Mar Avr Mai Jui Jul Aou Sep Oct Nov Déc
V/Λ2022 > Jan Fév Mar Avr Mai Jui Jul Aou Sep Oct Nov Déc
V/Λ2021 > Jan Fév Mar Avr Mai Jui Jul Aou Sep Oct Nov Déc
V/Λ2020 > Jan Fév Mar Avr Mai Jui Jul Aou Sep Oct Nov Déc
V/Λ2019 > Jan Fév Mar Avr Mai Jui Jul Aou Sep Oct Nov Déc
V/Λ2018 > Jan Fév Mar Avr Mai Jui Jul Aou Sep Oct Nov Déc
V/Λ2017 > Jan Fév Mar Avr Mai Jui Jul Aou Sep Oct Nov Déc
V/Λ2016 > Jan Fév Mar Avr Mai Jui Jul Aou Sep Oct Nov Déc
V/Λ2015 > Jan Fév Mar Avr Mai Jui Jul Aou Sep Oct Nov Déc
V/Λ2014 > Jan Fév Mar Avr Mai Jui Jul Aou Sep Oct Nov Déc
V/Λ2013 > Jan Fév Mar Avr Mai Jui Jul Aou Sep Oct Nov Déc
V/Λ2012 > Jan Fév Mar Avr Mai Jui Jul Aou Sep Oct Nov Déc
V/Λ2011 > Jan Fév Mar Avr Mai Jui Jul Aou Sep Oct Nov Déc
V/Λ2010 > Jan Fév Mar Avr Mai Jui Jul Aou Sep Oct Nov Déc
V/Λ2009 > Jan Fév Mar Avr Mai Jui Jul Aou Sep Oct Nov Déc

Tableau pour 2013 Déc
                   Monthly Climatological Summary for déc. 2013

Name: Station météo amateur   City: Saint-Brevin les Pins   State: FRANCE
Elevation: 5 m  Lat: N 47° 14' 09"   Lon: W 002° 09' 35"

                  Temperature (°C), Rain (mm), Wind Speed (km/h)

                                      Heat  Cool        Avg
    Mean                              Deg   Deg         Wind                 Dom
Day Temp  High   Time   Low    Time   Days  Days  Rain  Speed High   Time    Dir
----------------------------------------------------------------------------------
 1   5,8  10,7   14:35   2,6   08:48  12,2   0,0   0,2   5,6  32,2   14:55    NE
 2   6,2  10,6   14:44   3,2   08:00  11,8   0,0   0,2   8,3  37,0   12:05  E-NE
 3   5,3  10,6   15:29   0,8   23:53  12,7   0,0   0,0   0,9   9,7   10:28    NE
 4   3,2   7,8   15:42  -1,3   05:13  14,8   0,0   0,0   0,2   6,4   06:36     E
 5   7,7  10,8   12:45   5,9   00:27  10,3   0,0   0,2   4,0  24,1   14:11    NO
 6   8,6  13,4   15:02   1,2   23:47   9,4   0,0   0,0   4,1  19,3   02:10  N-NO
 7   2,6  10,5   13:53  -1,3   06:30  15,4   0,0   0,0   1,2  11,3   12:55  E-SE
 8   2,6  10,0   14:33  -1,8   07:26  15,4   0,0   0,0   2,7  22,5   14:14  E-NE
 9   2,2  10,8   14:58  -2,3   08:22  15,8   0,0   0,0   1,1   9,7   13:23    SE
10   1,9  11,7   15:26  -3,1   07:11  16,1   0,0   0,0   0,9  12,9   10:02  E-SE
11   3,6  12,2   14:54  -2,4   04:03  14,4   0,0   0,0   2,9  16,1   13:51    SE
12   4,5  10,3   14:47  -1,1   07:43  13,5   0,0   0,0   1,8  12,9   18:03  E-SE
13   8,2  11,9   17:31   5,2   04:44   9,8   0,0   3,0   5,4  30,6   13:05  S-SO
14   7,8  12,2   15:31   2,9   06:59  10,2   0,0   0,2   7,7  43,5   23:13     S
15  10,9  13,0   16:10   9,6   08:31   7,1   0,0   0,0  11,0  32,2   00:13  S-SO
16  10,6  15,1   14:19   8,4   06:25   7,4   0,0   0,2  12,1  30,6   12:44     S
17   9,6  13,1   14:40   6,9   06:29   8,4   0,0   0,2   9,1  29,0   14:47     S
18   9,1  12,7   13:21   4,6   03:21   8,8   0,0  12,4  12,2  61,2   20:22  S-SO
19   9,0  11,4   00:08   5,6   23:57   9,0   0,0   4,6   8,9  45,1   04:49     O
20   6,6  12,3   14:51   1,2   07:12  11,4   0,0   0,2   4,8  27,4   20:28  S-SO
21  11,1  11,5   17:01  10,2   00:00   6,9   0,0   1,4  14,4  45,1   15:53  S-SO
22  11,1  12,3   12:03   9,2   22:41   6,9   0,0   3,2  10,8  35,4   08:06  O-SO
23  11,4  12,8   12:29   9,3   01:17   6,6   0,0  13,4  17,5  72,4   23:04  S-SO
24  10,8  12,2   03:03   8,9   20:32   7,2   0,0  46,2  17,1  74,0   00:03    SO
25   7,6   9,6   00:00   5,6   20:27  10,3   0,0  12,4   7,1  32,2   05:28    SO
26   7,9  10,8   14:30   5,1   03:49  10,1   0,0   3,2   7,6  43,5   23:50     O
27  11,3  12,9   12:11   9,1   23:50   6,7   0,0  11,6  12,7  51,5   11:20    SO
28   7,9  10,2   15:53   5,9   07:29  10,1   0,0   6,8   5,7  48,3   17:32     O
29   8,1  10,8   14:05   5,7   09:13   9,9   0,0   0,4   5,7  27,4   22:33     O
30  10,6  11,3   10:15   9,3   00:00   7,4   0,0   3,6  14,6  51,5   10:49  S-SO
31  10,3  12,4   11:53   7,7   14:10   7,7   0,0   4,6  13,1  43,5   07:15  S-SO
----------------------------------------------------------------------------------
     7,6  15,1    16    -3,1    10   323,7   0,0 128,2   7,4  74,0    24    S-SO

Max >=  25,0:  0
Max <=   0,0:  0
Min <=   0,0:  7
Min <=  -5,0:  0
Max Rain: 46,2 on day 24
Days of Rain: 13 (>= 1,0 mm)  6 (>= 5,0 mm)  5 (>= 10,0 mm)
Heat Base: 18,0  Cool Base: 18,0  Method: Integration