Sélectionnez une année ou un mois pour voir un rapport
V/Λ2024 > Jan Fév Mar Avr Mai Jui Jul Aou Sep Oct Nov Déc
V/Λ2023 > Jan Fév Mar Avr Mai Jui Jul Aou Sep Oct Nov Déc
V/Λ2022 > Jan Fév Mar Avr Mai Jui Jul Aou Sep Oct Nov Déc
V/Λ2021 > Jan Fév Mar Avr Mai Jui Jul Aou Sep Oct Nov Déc
V/Λ2020 > Jan Fév Mar Avr Mai Jui Jul Aou Sep Oct Nov Déc
V/Λ2019 > Jan Fév Mar Avr Mai Jui Jul Aou Sep Oct Nov Déc
V/Λ2018 > Jan Fév Mar Avr Mai Jui Jul Aou Sep Oct Nov Déc
V/Λ2017 > Jan Fév Mar Avr Mai Jui Jul Aou Sep Oct Nov Déc
V/Λ2016 > Jan Fév Mar Avr Mai Jui Jul Aou Sep Oct Nov Déc
V/Λ2015 > Jan Fév Mar Avr Mai Jui Jul Aou Sep Oct Nov Déc
V/Λ2014 > Jan Fév Mar Avr Mai Jui Jul Aou Sep Oct Nov Déc
V/Λ2013 > Jan Fév Mar Avr Mai Jui Jul Aou Sep Oct Nov Déc
V/Λ2012 > Jan Fév Mar Avr Mai Jui Jul Aou Sep Oct Nov Déc
V/Λ2011 > Jan Fév Mar Avr Mai Jui Jul Aou Sep Oct Nov Déc
V/Λ2010 > Jan Fév Mar Avr Mai Jui Jul Aou Sep Oct Nov Déc
V/Λ2009 > Jan Fév Mar Avr Mai Jui Jul Aou Sep Oct Nov Déc

Tableau pour 2013 Oct
                   Monthly Climatological Summary for oct. 2013

Name: Station météo amateur   City: Saint-Brevin les Pins   State: FRANCE
Elevation: 5 m  Lat: N 47° 14' 09"   Lon: W 002° 09' 35"

                  Temperature (°C), Rain (mm), Wind Speed (km/h)

                                      Heat  Cool        Avg
    Mean                              Deg   Deg         Wind                 Dom
Day Temp  High   Time   Low    Time   Days  Days  Rain  Speed High   Time    Dir
----------------------------------------------------------------------------------
 1  17,5  20,4   18:17  15,2   01:28   1,0   0,5   2,2   4,0  24,1   16:24  S-SE
 2  19,1  24,8   15:56  16,1   01:18   0,5   1,6   0,4   3,6  16,1   22:33  S-SE
 3  20,0  23,6   17:49  17,2   06:59   0,0   2,1   9,4  10,8  43,5   18:08     S
 4  18,6  21,3   13:59  16,1   22:44   0,2   0,8   0,0   6,5  30,6   00:12  O-SO
 5  15,4  20,1   13:15  12,1   06:30   2,7   0,1   0,2   2,9  20,9   18:00  O-NO
 6  14,1  20,4   14:49   9,4   05:58   4,1   0,1   0,2   1,2  14,5   14:20     O
 7  15,0  22,3   15:19   8,8   07:37   3,7   0,7   0,0   1,5  12,9   12:55     E
 8  15,0  22,0   15:45   9,5   07:02   3,6   0,5   0,0   1,5  16,1   14:55     N
 9  13,7  19,1   15:20   8,3   07:04   4,4   0,1   0,0   3,8  25,7   20:59  O-NO
10  12,6  17,4   14:24   8,4   23:57   5,4   0,0   0,0   7,2  35,4   16:11     N
11  10,7  16,2   15:15   7,7   01:20   7,3   0,0   0,4   4,8  27,4   11:14  N-NO
12  10,1  13,8   15:32   6,4   23:49   7,9   0,0   6,4   3,8  33,8   14:58     E
13   9,7  16,6   16:28   3,3   04:27   8,3   0,0   0,0   4,0  22,5   14:12    SO
14  15,1  18,6   13:53  11,1   00:00   2,9   0,0   6,8   5,0  25,7   20:22     O
15  16,0  17,6   15:34  14,6   11:25   2,0   0,0  13,4   6,6  30,6   16:47    SO
16  16,6  18,9   16:17  14,5   04:54   1,5   0,1   2,2   7,9  35,4   12:24     O
17  16,2  18,6   15:39  12,2   23:49   1,8   0,0   0,2   4,8  25,7   02:58  O-SO
18  15,3  22,4   16:06  10,2   03:53   3,4   0,7   0,2   5,8  27,4   13:55    SE
19  17,2  20,1   15:44  15,8   02:20   1,0   0,2   5,6   7,3  27,4   13:44  S-SO
20  16,6  17,9   12:33  13,8   06:01   1,4   0,0  11,4   9,9  43,5   05:51    SO
21  17,8  20,4   12:43  15,3   08:08   0,8   0,5   1,0  11,1  33,8   22:25     S
22  18,1  19,7   16:26  13,2   20:35   0,6   0,6   4,0  13,6  51,5   19:08     S
23  17,5  19,7   15:43  15,4   23:30   0,7   0,2   2,4  11,4  41,8   01:26  O-SO
24  16,2  20,8   13:13  12,9   05:08   2,3   0,5   3,4   7,2  32,2   12:25    SE
25  17,7  21,1   15:36  16,1   00:00   0,7   0,4   0,4   8,4  33,8   02:04     S
26  16,6  19,4   15:18  13,3   05:02   1,6   0,2   0,2   7,5  41,8   22:49    SO
27  16,5  18,3   12:13  13,3   07:16   1,6   0,0  13,2  17,1  61,2   02:25  O-SO
28  15,6  17,7   02:29  12,8   18:36   2,5   0,0   7,4  17,8  56,3   03:53     O
29  12,0  15,7   13:02   6,8   23:58   6,0   0,0   2,0   5,9  32,2   01:32  O-NO
30  10,1  16,4   13:11   4,5   05:29   7,9   0,0   0,4   3,6  20,9   13:26  S-SO
31  14,3  16,7   14:19  11,1   00:00   3,7   0,0   3,0   7,7  30,6   15:20    SO
----------------------------------------------------------------------------------
    15,4  24,8     2     3,3    13    91,5   9,9  96,4   6,9  61,2    27      SO

Max >=  25,0:  0
Max <=   0,0:  0
Min <=   0,0:  0
Min <=  -5,0:  0
Max Rain: 13,4 on day 15
Days of Rain: 16 (>= 1,0 mm)  8 (>= 5,0 mm)  3 (>= 10,0 mm)
Heat Base: 18,0  Cool Base: 18,0  Method: Integration