Sélectionnez une année ou un mois pour voir un rapport
V/Λ2024 > Jan Fév Mar Avr Mai Jui Jul Aou Sep Oct Nov Déc
V/Λ2023 > Jan Fév Mar Avr Mai Jui Jul Aou Sep Oct Nov Déc
V/Λ2022 > Jan Fév Mar Avr Mai Jui Jul Aou Sep Oct Nov Déc
V/Λ2021 > Jan Fév Mar Avr Mai Jui Jul Aou Sep Oct Nov Déc
V/Λ2020 > Jan Fév Mar Avr Mai Jui Jul Aou Sep Oct Nov Déc
V/Λ2019 > Jan Fév Mar Avr Mai Jui Jul Aou Sep Oct Nov Déc
V/Λ2018 > Jan Fév Mar Avr Mai Jui Jul Aou Sep Oct Nov Déc
V/Λ2017 > Jan Fév Mar Avr Mai Jui Jul Aou Sep Oct Nov Déc
V/Λ2016 > Jan Fév Mar Avr Mai Jui Jul Aou Sep Oct Nov Déc
V/Λ2015 > Jan Fév Mar Avr Mai Jui Jul Aou Sep Oct Nov Déc
V/Λ2014 > Jan Fév Mar Avr Mai Jui Jul Aou Sep Oct Nov Déc
V/Λ2013 > Jan Fév Mar Avr Mai Jui Jul Aou Sep Oct Nov Déc
V/Λ2012 > Jan Fév Mar Avr Mai Jui Jul Aou Sep Oct Nov Déc
V/Λ2011 > Jan Fév Mar Avr Mai Jui Jul Aou Sep Oct Nov Déc
V/Λ2010 > Jan Fév Mar Avr Mai Jui Jul Aou Sep Oct Nov Déc
V/Λ2009 > Jan Fév Mar Avr Mai Jui Jul Aou Sep Oct Nov Déc

Tableau pour 2013 Sep
                   Monthly Climatological Summary for sept. 2013

Name: Station météo amateur   City: Saint-Brevin les Pins   State: FRANCE
Elevation: 5 m  Lat: N 47° 14' 09"   Lon: W 002° 09' 35"

                  Temperature (°C), Rain (mm), Wind Speed (km/h)

                                      Heat  Cool        Avg
    Mean                              Deg   Deg         Wind                 Dom
Day Temp  High   Time   Low    Time   Days  Days  Rain  Speed High   Time    Dir
----------------------------------------------------------------------------------
 1  17,5  25,2   16:43  10,4   07:47   2,5   2,0   0,0   6,8  35,4   13:32  E-NE
 2  18,3  28,4   16:58   9,6   06:13   2,7   3,0   0,0   3,8  19,3   15:45    NE
 3  20,3  30,4   17:04  12,1   07:31   1,9   4,2   0,0   4,7  24,1   13:47  E-NE
 4  20,8  30,6   13:20  13,2   08:14   1,1   3,9   0,0   2,7  14,5   10:55  O-SO
 5  17,9  25,2   13:41  10,8   07:42   2,0   1,9   0,0   2,7  19,3   15:30     O
 6  16,1  19,5   13:18  14,2   10:59   2,0   0,1   1,6   5,4  25,7   15:55  O-NO
 7  16,1  20,7   16:44  10,7   08:24   2,4   0,5   0,2   5,5  27,4   00:07     O
 8  13,9  20,4   16:14   6,4   07:07   4,3   0,2   0,0   4,3  24,1   16:48     O
 9  17,6  21,4   16:42  15,1   05:59   1,0   0,6   2,6   9,1  37,0   16:05     O
10  16,1  23,2   15:04  11,3   07:09   2,8   1,0   0,0   6,0  27,4   11:41     N
11  15,4  21,1   15:19  11,1   03:58   3,1   0,4   0,0   4,6  19,3   19:43  N-NO
12  17,5  21,3   18:26  14,2   05:24   1,3   0,8   0,4   3,4  19,3   16:05  O-NO
13  17,9  19,5   15:05  16,9   23:52   0,3   0,2   0,0   5,9  27,4   17:21  O-NO
14  15,3  17,5   01:47  11,7   22:56   2,7   0,0  29,4   8,1  32,2   18:32    NO
15  14,5  18,0   17:57   9,4   08:05   3,5   0,0   0,2   7,8  30,6   19:41     O
16  15,5  18,3   14:19  12,3   07:36   2,5   0,0   1,6  10,3  45,1   17:16  O-NO
17  15,6  17,2   18:39  13,4   00:00   2,4   0,0   0,8  10,6  41,8   12:27  O-NO
18  16,8  20,3   15:39  12,3   23:30   1,4   0,2   1,2  11,5  37,0   00:21  O-NO
19  14,1  17,9   13:54   9,4   07:03   3,9   0,0   0,8   4,9  25,7   15:24  O-SO
20  14,4  18,2   14:13  11,7   07:25   3,6   0,0   0,0   4,2  20,9   03:19    NO
21  14,4  20,5   13:57   8,9   08:10   4,0   0,4   0,0   2,1  17,7   16:09     O
22  18,5  27,1   16:48  11,3   07:32   2,3   2,8   0,0   4,2  27,4   14:10     E
23  19,9  27,3   16:36  14,4   08:08   0,9   2,7   0,0   7,8  29,0   15:30     E
24  17,4  26,4   14:32  11,6   08:35   2,2   1,6   0,0   1,8  14,5   15:40    NO
25  17,3  23,8   14:11  13,4   05:20   1,6   1,0   0,0   2,2  20,9   15:57     O
26  18,7  24,1   16:47  15,6   07:11   0,9   1,6   0,6   3,1  17,7   13:57     E
27  21,1  28,8   15:51  17,6   08:21   0,0   3,2   0,2   4,9  22,5   13:37  E-SE
28  18,7  23,6   12:49  16,6   23:59   0,3   1,0   3,4   4,4  30,6   11:32  S-SE
29  17,3  21,2   14:40  15,2   23:53   1,2   0,5   0,2   2,1  16,1   16:09  O-SO
30  17,2  21,5   18:05  14,1   01:44   1,4   0,6   1,0   2,8  20,9   14:17     S
----------------------------------------------------------------------------------
    17,1  30,6     4     6,4     8    62,2  34,4  44,2   5,3  45,1    16    O-NO

Max >=  25,0:  9
Max <=   0,0:  0
Min <=   0,0:  0
Min <=  -5,0:  0
Max Rain: 29,4 on day 14
Days of Rain: 7 (>= 1,0 mm)  1 (>= 5,0 mm)  1 (>= 10,0 mm)
Heat Base: 18,0  Cool Base: 18,0  Method: Integration