Sélectionnez une année ou un mois pour voir un rapport
V/Λ2024 > Jan Fév Mar Avr Mai Jui Jul Aou Sep Oct Nov Déc
V/Λ2023 > Jan Fév Mar Avr Mai Jui Jul Aou Sep Oct Nov Déc
V/Λ2022 > Jan Fév Mar Avr Mai Jui Jul Aou Sep Oct Nov Déc
V/Λ2021 > Jan Fév Mar Avr Mai Jui Jul Aou Sep Oct Nov Déc
V/Λ2020 > Jan Fév Mar Avr Mai Jui Jul Aou Sep Oct Nov Déc
V/Λ2019 > Jan Fév Mar Avr Mai Jui Jul Aou Sep Oct Nov Déc
V/Λ2018 > Jan Fév Mar Avr Mai Jui Jul Aou Sep Oct Nov Déc
V/Λ2017 > Jan Fév Mar Avr Mai Jui Jul Aou Sep Oct Nov Déc
V/Λ2016 > Jan Fév Mar Avr Mai Jui Jul Aou Sep Oct Nov Déc
V/Λ2015 > Jan Fév Mar Avr Mai Jui Jul Aou Sep Oct Nov Déc
V/Λ2014 > Jan Fév Mar Avr Mai Jui Jul Aou Sep Oct Nov Déc
V/Λ2013 > Jan Fév Mar Avr Mai Jui Jul Aou Sep Oct Nov Déc
V/Λ2012 > Jan Fév Mar Avr Mai Jui Jul Aou Sep Oct Nov Déc
V/Λ2011 > Jan Fév Mar Avr Mai Jui Jul Aou Sep Oct Nov Déc
V/Λ2010 > Jan Fév Mar Avr Mai Jui Jul Aou Sep Oct Nov Déc
V/Λ2009 > Jan Fév Mar Avr Mai Jui Jul Aou Sep Oct Nov Déc

Tableau pour 2013 Jul
                   Monthly Climatological Summary for juil. 2013

Name: Station météo amateur   City: Saint-Brevin les Pins   State: FRANCE
Elevation: 5 m  Lat: N 47° 14' 09"   Lon: W 002° 09' 35"

                  Temperature (°C), Rain (mm), Wind Speed (km/h)

                                      Heat  Cool        Avg
    Mean                              Deg   Deg         Wind                 Dom
Day Temp  High   Time   Low    Time   Days  Days  Rain  Speed High   Time    Dir
----------------------------------------------------------------------------------
 1  18,0  24,7   17:20  13,9   08:13   1,7   1,7   0,0   4,0  17,7   13:28     N
 2  15,6  19,0   15:36  12,3   06:31   2,4   0,0  12,4   5,9  35,4   23:49  O-SO
 3  17,0  20,0   15:52  15,2   23:36   1,4   0,3   0,4  11,7  33,8   01:52  O-NO
 4  16,7  18,9   14:46  14,3   02:18   1,3   0,0   0,0   5,9  24,1   09:12     O
 5  20,4  26,8   19:15  16,1   04:52   0,6   3,1   0,0   4,6  20,9   14:20    NE
 6  22,0  28,9   16:43  14,0   06:27   0,8   4,8   0,0   6,3  29,0   18:22    NE
 7  23,5  31,1   17:31  15,8   06:30   0,4   5,9   0,0   7,8  33,8   16:18    NE
 8  25,0  31,4   16:51  17,7   07:00   0,0   7,0   0,0   8,4  37,0   14:00  E-NE
 9  25,0  31,9   17:43  18,3   07:00   0,0   7,0   0,0   8,9  35,4   13:18  E-NE
10  24,3  31,0   16:39  18,0   07:10   0,0   6,3   0,0   8,7  35,4   18:06    NE
11  21,2  27,0   18:35  16,4   05:57   0,2   3,5   0,0  11,3  38,6   16:37  E-NE
12  21,4  29,1   17:02  13,9   06:52   0,9   4,3   0,0   9,3  35,4   14:18  E-NE
13  22,4  29,7   17:34  15,5   07:01   0,4   4,8   0,0   8,9  37,0   14:07  E-NE
14  24,3  32,1   16:53  16,3   07:05   0,2   6,4   0,0   7,3  27,4   11:17    NE
15  24,3  31,7   14:17  17,5   06:48   0,0   6,3   0,0   4,8  22,5   17:31     N
16  24,4  33,0   17:28  16,3   07:12   0,2   6,5   0,0   5,6  20,9   18:08  N-NE
17  24,2  33,2   17:21  16,2   06:54   0,2   6,4   0,0   5,6  22,5   21:43    NE
18  24,7  32,2   17:13  17,3   06:27   0,1   6,8   0,0   7,0  30,6   16:55    NE
19  24,2  29,4   17:37  19,7   06:48   0,0   6,2   0,6   6,3  30,6   13:49  E-NE
20  24,3  33,4   15:24  18,3   06:44   0,0   6,3   0,2   5,3  33,8   18:34     E
21  24,6  31,1   14:36  18,9   07:08   0,0   6,6   0,0   4,5  22,5   15:20    SO
22  22,1  26,8   13:58  18,6   06:55   0,0   4,1   0,0   4,9  24,1   16:17  O-NO
23  20,6  24,7   15:36  18,3   05:12   0,0   2,6   2,4   5,3  25,7   06:42  O-NO
24  20,4  24,9   16:39  15,4   06:53   0,4   2,8   0,0   4,2  20,9   16:22     O
25  21,5  24,7   13:02  18,7   00:55   0,0   3,5   0,0   4,5  19,3   06:56     O
26  21,6  26,3   14:57  18,3   06:17   0,0   3,6   0,0   3,1  17,7   14:20    NO
27  18,9  22,3   13:26  16,1   15:53   0,2   1,1  11,2   4,0  37,0   14:25    NO
28  19,0  24,0   16:29  14,9   05:59   0,7   1,8   5,8   7,5  33,8   14:38  S-SO
29  19,4  22,4   15:13  17,6   06:06   0,0   1,5   1,6   9,1  38,6   16:44     O
30  19,4  22,0   16:13  17,8   02:37   0,0   1,4   0,6   9,5  40,2   12:51  O-SO
31  22,5  28,4   16:59  18,6   06:35   0,0   4,5   0,0   4,2  20,9   11:12    SO
----------------------------------------------------------------------------------
    21,7  33,4    20    12,3     2    12,1 127,1  35,2   6,6  40,2    30    N-NE

Max >=  25,0: 20
Max <=   0,0:  0
Min <=   0,0:  0
Min <=  -5,0:  0
Max Rain: 12,4 on day 2
Days of Rain: 5 (>= 1,0 mm)  3 (>= 5,0 mm)  2 (>= 10,0 mm)
Heat Base: 18,0  Cool Base: 18,0  Method: Integration