Sélectionnez une année ou un mois pour voir un rapport
V/Λ2024 > Jan Fév Mar Avr Mai Jui Jul Aou Sep Oct Nov Déc
V/Λ2023 > Jan Fév Mar Avr Mai Jui Jul Aou Sep Oct Nov Déc
V/Λ2022 > Jan Fév Mar Avr Mai Jui Jul Aou Sep Oct Nov Déc
V/Λ2021 > Jan Fév Mar Avr Mai Jui Jul Aou Sep Oct Nov Déc
V/Λ2020 > Jan Fév Mar Avr Mai Jui Jul Aou Sep Oct Nov Déc
V/Λ2019 > Jan Fév Mar Avr Mai Jui Jul Aou Sep Oct Nov Déc
V/Λ2018 > Jan Fév Mar Avr Mai Jui Jul Aou Sep Oct Nov Déc
V/Λ2017 > Jan Fév Mar Avr Mai Jui Jul Aou Sep Oct Nov Déc
V/Λ2016 > Jan Fév Mar Avr Mai Jui Jul Aou Sep Oct Nov Déc
V/Λ2015 > Jan Fév Mar Avr Mai Jui Jul Aou Sep Oct Nov Déc
V/Λ2014 > Jan Fév Mar Avr Mai Jui Jul Aou Sep Oct Nov Déc
V/Λ2013 > Jan Fév Mar Avr Mai Jui Jul Aou Sep Oct Nov Déc
V/Λ2012 > Jan Fév Mar Avr Mai Jui Jul Aou Sep Oct Nov Déc
V/Λ2011 > Jan Fév Mar Avr Mai Jui Jul Aou Sep Oct Nov Déc
V/Λ2010 > Jan Fév Mar Avr Mai Jui Jul Aou Sep Oct Nov Déc
V/Λ2009 > Jan Fév Mar Avr Mai Jui Jul Aou Sep Oct Nov Déc

Tableau pour 2013 Mai
                   Monthly Climatological Summary for mai 2013

Name: Station météo amateur   City: Saint-Brevin les Pins   State: FRANCE
Elevation: 5 m  Lat: N 47° 14' 09"   Lon: W 002° 09' 35"

                  Temperature (°C), Rain (mm), Wind Speed (km/h)

                                      Heat  Cool        Avg
    Mean                              Deg   Deg         Wind                 Dom
Day Temp  High   Time   Low    Time   Days  Days  Rain  Speed High   Time    Dir
----------------------------------------------------------------------------------
 1   9,8  10,9   16:45   8,9   02:15   8,2   0,0   5,4  10,1  37,0   01:36  E-NE
 2  10,2  14,0   18:48   8,4   23:58   7,8   0,0   0,6   7,3  22,5   00:34  N-NE
 3  11,9  17,7   17:34   7,2   02:11   6,1   0,0   0,0   5,7  32,2   15:58    NO
 4  11,1  16,5   17:45   3,8   06:49   6,9   0,0   0,0   3,6  19,3   14:10     O
 5  13,4  20,6   14:03   8,2   06:51   4,8   0,1   0,0   4,1  20,9   07:23  N-NE
 6  14,1  21,2   15:09   7,0   05:37   4,4   0,5   0,0   2,9  19,3   13:08     O
 7  15,0  19,4   12:13  12,1   02:59   3,0   0,0   1,2   4,6  22,5   15:09    SO
 8  13,8  14,7   14:25  11,2   23:54   4,2   0,0   6,0   9,8  33,8   07:40  O-SO
 9  12,4  15,3   15:32   8,4   05:10   5,6   0,0   0,2   9,2  35,4   17:56     O
10  12,6  15,3   15:04  10,5   07:12   5,4   0,0   0,2  11,1  35,4   05:46     O
11  13,0  15,7   14:38  11,5   08:11   5,0   0,0   0,2  12,0  35,4   05:46  O-NO
12  12,4  15,3   15:59   9,4   07:00   5,6   0,0   0,2   9,8  33,8   06:04  O-NO
13  13,0  15,2   13:58  11,2   23:44   5,0   0,0   0,4  10,9  32,2   00:33     O
14  11,8  14,2   13:11   9,3   23:08   6,2   0,0   2,6   8,7  37,0   17:38  O-SO
15  11,2  14,4   16:09   7,2   23:54   6,8   0,0   1,6  10,1  43,5   07:00     O
16   9,8  14,9   15:57   5,7   00:52   8,2   0,0   0,0   4,2  20,9   15:20    NO
17  11,5  19,0   17:40   3,2   06:35   6,5   0,0   0,0   4,1  22,5   16:00     E
18  12,7  17,5   15:32   8,2   06:06   5,3   0,0   0,0  10,8  37,0   15:54    NE
19  10,4  12,2   16:21   8,4   04:39   7,6   0,0  12,0   7,3  27,4   19:09    NO
20  11,5  13,3   17:04   9,9   07:15   6,5   0,0   3,2   8,1  33,8   19:16  O-NO
21  15,5  21,2   14:41  12,2   00:00   2,8   0,3   0,0   6,8  25,7   13:25  N-NO
22  14,3  17,7   12:54  10,3   23:59   3,7   0,0   0,0   7,0  27,4   17:02  N-NO
23  11,5  16,4   13:36   7,7   06:22   6,5   0,0   0,0   7,6  35,4   19:25  N-NO
24  10,4  13,8   13:25   7,6   00:55   7,6   0,0   0,0   9,8  41,8   15:16    NO
25  11,4  17,3   18:58   7,3   06:50   6,6   0,0   0,0   7,9  33,8   10:39     N
26  11,2  16,7   13:53   4,1   06:00   6,8   0,0   0,0   4,8  24,1   16:09    NO
27  12,1  17,8   12:12   4,5   06:34   5,9   0,0   0,0   5,0  25,7   13:26    SO
28  12,0  15,1   15:06   8,4   06:52   6,0   0,0   3,6  11,6  38,6   15:11  O-NO
29  11,3  14,8   15:39   8,2   04:03   6,7   0,0   5,4   6,3  30,6   14:18  O-NO
30  14,4  20,0   15:53  10,2   03:13   3,7   0,1   4,0   7,0  32,2   19:27  N-NO
31  15,2  21,2   18:00  10,3   06:18   3,3   0,5   1,2   6,3  27,4   15:22     N
----------------------------------------------------------------------------------
    12,3  21,2     6     3,2    17   178,7   1,5  48,0   7,6  43,5    15      NO

Max >=  25,0:  0
Max <=   0,0:  0
Min <=   0,0:  0
Min <=  -5,0:  0
Max Rain: 12,0 on day 19
Days of Rain: 11 (>= 1,0 mm)  4 (>= 5,0 mm)  1 (>= 10,0 mm)
Heat Base: 18,0  Cool Base: 18,0  Method: Integration