Sélectionnez une année ou un mois pour voir un rapport
V/Λ2024 > Jan Fév Mar Avr Mai Jui Jul Aou Sep Oct Nov Déc
V/Λ2023 > Jan Fév Mar Avr Mai Jui Jul Aou Sep Oct Nov Déc
V/Λ2022 > Jan Fév Mar Avr Mai Jui Jul Aou Sep Oct Nov Déc
V/Λ2021 > Jan Fév Mar Avr Mai Jui Jul Aou Sep Oct Nov Déc
V/Λ2020 > Jan Fév Mar Avr Mai Jui Jul Aou Sep Oct Nov Déc
V/Λ2019 > Jan Fév Mar Avr Mai Jui Jul Aou Sep Oct Nov Déc
V/Λ2018 > Jan Fév Mar Avr Mai Jui Jul Aou Sep Oct Nov Déc
V/Λ2017 > Jan Fév Mar Avr Mai Jui Jul Aou Sep Oct Nov Déc
V/Λ2016 > Jan Fév Mar Avr Mai Jui Jul Aou Sep Oct Nov Déc
V/Λ2015 > Jan Fév Mar Avr Mai Jui Jul Aou Sep Oct Nov Déc
V/Λ2014 > Jan Fév Mar Avr Mai Jui Jul Aou Sep Oct Nov Déc
V/Λ2013 > Jan Fév Mar Avr Mai Jui Jul Aou Sep Oct Nov Déc
V/Λ2012 > Jan Fév Mar Avr Mai Jui Jul Aou Sep Oct Nov Déc
V/Λ2011 > Jan Fév Mar Avr Mai Jui Jul Aou Sep Oct Nov Déc
V/Λ2010 > Jan Fév Mar Avr Mai Jui Jul Aou Sep Oct Nov Déc
V/Λ2009 > Jan Fév Mar Avr Mai Jui Jul Aou Sep Oct Nov Déc

Tableau pour 2013 Avr
                   Monthly Climatological Summary for avr. 2013

Name: Station météo amateur   City: Saint-Brevin les Pins   State: FRANCE
Elevation: 5 m  Lat: N 47° 14' 09"   Lon: W 002° 09' 35"

                  Temperature (°C), Rain (mm), Wind Speed (km/h)

                                      Heat  Cool        Avg
    Mean                              Deg   Deg         Wind                 Dom
Day Temp  High   Time   Low    Time   Days  Days  Rain  Speed High   Time    Dir
----------------------------------------------------------------------------------
 1   5,7  12,0   17:32   0,2   07:50  12,3   0,0   0,0  12,8  43,5   12:57     E
 2   6,8  13,1   17:07   2,8   07:31  11,2   0,0   0,0   7,9  25,7   12:26    NE
 3   5,7  11,7   16:12  -0,3   06:55  12,3   0,0   0,0  10,1  38,6   13:12  E-NE
 4   3,9   8,3   15:13   0,9   06:33  14,1   0,0   0,6  11,5  37,0   15:14  N-NE
 5   3,3   4,7   17:38   1,5   03:28  14,7   0,0   6,6   9,6  29,0   00:32  N-NE
 6   5,9  10,3   16:11   3,6   03:55  12,1   0,0   0,2  10,4  35,4   15:47    NE
 7   6,4  10,3   13:04   1,7   08:09  11,6   0,0   0,2   5,5  25,7   22:49    SE
 8   8,7  12,8   13:25   5,0   04:18   9,3   0,0   3,0   7,7  33,8   16:42    SO
 9  10,3  12,8   16:58   8,6   00:42   7,7   0,0  13,6  16,5  62,8   01:50     O
10  10,5  11,8   22:48   9,3   06:00   7,5   0,0  16,2  13,5  66,0   15:01    SO
11  11,1  12,7   12:29  10,0   04:39   6,9   0,0   0,0   8,8  33,8   00:03  O-SO
12  11,4  14,0   14:50   9,5   06:52   6,7   0,0   4,8  13,4  48,3   06:17  O-SO
13  11,8  13,8   21:28   9,7   01:17   6,2   0,0   3,8  12,1  40,2   13:34  S-SO
14  15,1  18,6   16:21  11,6   23:54   2,9   0,0   0,2   9,3  38,6   10:51  S-SO
15  12,8  15,9   15:11  10,7   06:17   5,2   0,0   0,0   5,2  20,9   11:35  O-SO
16  12,9  15,0   14:44  11,6   05:15   5,1   0,0   0,0   8,5  29,0   15:57    SO
17  14,3  23,1   13:55   8,4   06:39   4,4   0,8   0,0   7,9  37,0   13:05    SO
18  12,3  15,0   14:47   9,7   23:56   5,7   0,0   0,0  11,7  33,8   12:07  O-NO
19  10,7  16,8   15:06   5,7   06:43   7,4   0,0   0,0   7,4  30,6   16:51  N-NO
20  10,4  17,3   17:25   4,5   06:18   7,6   0,0   0,0   6,7  27,4   14:43    NE
21   8,5  14,8   16:23   1,2   07:22   9,5   0,0   0,0   6,9  32,2   18:35    NO
22  11,4  14,9   12:50   7,7   07:40   6,6   0,0   0,0   6,4  27,4   16:59  O-NO
23  12,5  16,1   15:16   9,2   23:42   5,5   0,0   0,2   5,5  19,3   12:53     O
24  13,7  22,7   17:31   5,4   07:06   5,1   0,8   0,2   3,0  16,1   18:50     O
25  15,9  24,8   14:40   9,2   07:00   3,4   1,3   0,0   3,9  25,7   14:24  S-SO
26  10,9  15,8   17:04   6,8   23:54   7,1   0,0   0,0   9,5  37,0   11:43  N-NE
27   7,1  13,2   13:04   3,4   07:20  10,9   0,0   3,2   6,1  30,6   13:57     N
28   8,5  15,4   16:50   3,9   07:12   9,5   0,0   0,0   6,2  22,5   12:30     N
29   9,6  15,9   16:37   2,3   07:11   8,4   0,0   0,0   5,7  30,6   22:50  N-NE
30  10,2  15,8   12:40   6,6   07:07   7,8   0,0   1,8  14,3  51,5   11:59  E-NE
----------------------------------------------------------------------------------
     9,9  24,8    25    -0,3     3   244,7   2,9  54,6   8,8  66,0    10      NO

Max >=  25,0:  0
Max <=   0,0:  0
Min <=   0,0:  1
Min <=  -5,0:  0
Max Rain: 16,2 on day 10
Days of Rain: 8 (>= 1,0 mm)  3 (>= 5,0 mm)  2 (>= 10,0 mm)
Heat Base: 18,0  Cool Base: 18,0  Method: Integration