Sélectionnez une année ou un mois pour voir un rapport
V/Λ2024 > Jan Fév Mar Avr Mai Jui Jul Aou Sep Oct Nov Déc
V/Λ2023 > Jan Fév Mar Avr Mai Jui Jul Aou Sep Oct Nov Déc
V/Λ2022 > Jan Fév Mar Avr Mai Jui Jul Aou Sep Oct Nov Déc
V/Λ2021 > Jan Fév Mar Avr Mai Jui Jul Aou Sep Oct Nov Déc
V/Λ2020 > Jan Fév Mar Avr Mai Jui Jul Aou Sep Oct Nov Déc
V/Λ2019 > Jan Fév Mar Avr Mai Jui Jul Aou Sep Oct Nov Déc
V/Λ2018 > Jan Fév Mar Avr Mai Jui Jul Aou Sep Oct Nov Déc
V/Λ2017 > Jan Fév Mar Avr Mai Jui Jul Aou Sep Oct Nov Déc
V/Λ2016 > Jan Fév Mar Avr Mai Jui Jul Aou Sep Oct Nov Déc
V/Λ2015 > Jan Fév Mar Avr Mai Jui Jul Aou Sep Oct Nov Déc
V/Λ2014 > Jan Fév Mar Avr Mai Jui Jul Aou Sep Oct Nov Déc
V/Λ2013 > Jan Fév Mar Avr Mai Jui Jul Aou Sep Oct Nov Déc
V/Λ2012 > Jan Fév Mar Avr Mai Jui Jul Aou Sep Oct Nov Déc
V/Λ2011 > Jan Fév Mar Avr Mai Jui Jul Aou Sep Oct Nov Déc
V/Λ2010 > Jan Fév Mar Avr Mai Jui Jul Aou Sep Oct Nov Déc
V/Λ2009 > Jan Fév Mar Avr Mai Jui Jul Aou Sep Oct Nov Déc

Tableau pour 2013 Jan
                   Monthly Climatological Summary for janv. 2013

Name: Station météo amateur   City: Saint-Brevin les Pins   State: FRANCE
Elevation: 5 m  Lat: N 47° 14' 09"   Lon: W 002° 09' 35"

                  Temperature (°C), Rain (mm), Wind Speed (km/h)

                                      Heat  Cool        Avg
    Mean                              Deg   Deg         Wind                 Dom
Day Temp  High   Time   Low    Time   Days  Days  Rain  Speed High   Time    Dir
----------------------------------------------------------------------------------
 1   8,4  11,1   13:57   4,2   22:14   9,6   0,0   0,6   6,0  24,1   15:21    NO
 2   7,7  11,9   14:24   4,1   07:50  10,3   0,0   0,2   3,3  14,5   20:29  O-NO
 3  10,6  11,3   11:37   9,2   23:25   7,4   0,0   0,0   3,4  16,1   05:01  O-NO
 4   9,7  10,6   11:50   8,7   23:41   8,3   0,0   0,0   1,2   9,7   12:28  N-NE
 5   7,4   8,7   00:00   6,4   22:26  10,6   0,0   0,0   2,3  12,9   23:07  E-NE
 6   6,0   6,6   00:48   5,3   23:13  12,0   0,0   0,4   2,5  14,5   03:28  E-SE
 7   5,4   6,3   14:20   4,3   09:29  12,6   0,0   0,0   4,1  16,1   13:00     E
 8   5,9   7,3   16:13   5,0   08:32  12,1   0,0   0,4   3,8  17,7   10:18  S-SE
 9   8,0   9,9   23:43   5,7   00:00  10,0   0,0   0,2   7,1  17,7   05:20     S
10  10,1  12,4   13:59   8,1   22:19   7,9   0,0   1,6   7,7  37,0   22:01     O
11   8,1  11,6   14:23   3,9   09:19   9,9   0,0   0,2   5,5  29,0   00:09  O-SO
12   7,6   9,9   14:21   3,7   22:08  10,4   0,0  11,6   6,2  48,3   03:06    SO
13   3,5   8,1   15:18  -0,4   07:28  14,5   0,0   0,0   4,3  24,1   22:21  N-NE
14   5,3   8,3   15:24   1,7   04:42  12,7   0,0   1,4   5,6  32,2   18:28  O-NO
15   5,7   8,8   14:15   3,3   07:44  12,3   0,0   0,8   7,6  32,2   04:50    NO
16   3,0   5,2   01:11  -1,0   21:56  15,0   0,0  10,6   8,8  33,8   07:14     E
17   0,1   3,3   15:46  -3,0   05:34  17,8   0,0   0,0   4,3  25,7   23:32    SE
18   0,4   2,4   17:16  -1,8   06:54  17,6   0,0   0,8   8,4  33,8   12:35    SE
19   1,6   2,1   16:09   1,1   23:35  16,4   0,0   0,2  11,3  35,4   11:54    NE
20   3,2   6,8   15:16   0,4   19:49  14,8   0,0   0,4   6,6  32,2   00:04  N-NO
21   5,1   7,5   12:08   3,1   19:41  12,9   0,0   4,4  12,3  70,8   11:52    NO
22   5,9   8,7   15:48   2,2   23:51  12,1   0,0  12,2   6,2  32,2   04:24     S
23   4,4   8,4   15:11   1,1   07:04  13,6   0,0   0,0   3,6  24,1   23:38     S
24   4,6   7,6   14:25   2,4   23:57  13,4   0,0   1,2   5,8  24,1   00:03  E-NE
25   2,1   5,6   14:27  -1,6   03:16  15,9   0,0   4,2   7,5  33,8   22:24  S-SE
26   7,7  11,1   15:03   3,0   00:00  10,3   0,0   1,8   8,2  32,2   23:59  O-SO
27   9,9  11,9   13:40   7,7   22:37   8,1   0,0   9,6  11,7  43,5   05:25  O-SO
28   9,2  11,3   12:59   5,8   07:53   8,8   0,0   2,6   9,5  43,5   00:40  O-SO
29  11,3  12,2   16:34  10,2   06:49   6,7   0,0   8,0  13,0  40,2   17:10    SO
30  11,1  12,8   04:40   8,1   20:20   6,9   0,0   1,8  11,3  41,8   09:29     O
31  10,1  12,1   14:50   7,9   01:00   7,9   0,0   2,8   8,2  27,4   07:09  O-SO
----------------------------------------------------------------------------------
     6,4  12,8    30    -3,0    17   358,8   0,0  78,0   6,7  70,8    21    O-SO

Max >=  25,0:  0
Max <=   0,0:  0
Min <=   0,0:  5
Min <=  -5,0:  0
Max Rain: 12,2 on day 22
Days of Rain: 14 (>= 1,0 mm)  5 (>= 5,0 mm)  3 (>= 10,0 mm)
Heat Base: 18,0  Cool Base: 18,0  Method: Integration