Sélectionnez une année ou un mois pour voir un rapport
V/Λ2024 > Jan Fév Mar Avr Mai Jui Jul Aou Sep Oct Nov Déc
V/Λ2023 > Jan Fév Mar Avr Mai Jui Jul Aou Sep Oct Nov Déc
V/Λ2022 > Jan Fév Mar Avr Mai Jui Jul Aou Sep Oct Nov Déc
V/Λ2021 > Jan Fév Mar Avr Mai Jui Jul Aou Sep Oct Nov Déc
V/Λ2020 > Jan Fév Mar Avr Mai Jui Jul Aou Sep Oct Nov Déc
V/Λ2019 > Jan Fév Mar Avr Mai Jui Jul Aou Sep Oct Nov Déc
V/Λ2018 > Jan Fév Mar Avr Mai Jui Jul Aou Sep Oct Nov Déc
V/Λ2017 > Jan Fév Mar Avr Mai Jui Jul Aou Sep Oct Nov Déc
V/Λ2016 > Jan Fév Mar Avr Mai Jui Jul Aou Sep Oct Nov Déc
V/Λ2015 > Jan Fév Mar Avr Mai Jui Jul Aou Sep Oct Nov Déc
V/Λ2014 > Jan Fév Mar Avr Mai Jui Jul Aou Sep Oct Nov Déc
V/Λ2013 > Jan Fév Mar Avr Mai Jui Jul Aou Sep Oct Nov Déc
V/Λ2012 > Jan Fév Mar Avr Mai Jui Jul Aou Sep Oct Nov Déc
V/Λ2011 > Jan Fév Mar Avr Mai Jui Jul Aou Sep Oct Nov Déc
V/Λ2010 > Jan Fév Mar Avr Mai Jui Jul Aou Sep Oct Nov Déc
V/Λ2009 > Jan Fév Mar Avr Mai Jui Jul Aou Sep Oct Nov Déc

Tableau pour 2012 Oct
                   Monthly Climatological Summary for oct. 2012

Name: Station météo amateur   City: Saint-Brevin les Pins   State: FRANCE
Elevation: 5 m  Lat: N 47° 14' 09"   Lon: W 002° 09' 35"

                  Temperature (°C), Rain (mm), Wind Speed (km/h)

                                      Heat  Cool        Avg
    Mean                              Deg   Deg         Wind                 Dom
Day Temp  High   Time   Low    Time   Days  Days  Rain  Speed High   Time    Dir
----------------------------------------------------------------------------------
 1  14,3  18,6   13:48   7,0   02:01   3,7   0,0   0,6   6,9  30,6   23:40  O-SO
 2  15,7  19,2   14:01  11,9   06:58   2,4   0,1   3,2   7,6  38,6   19:14     O
 3  16,4  18,9   13:15  14,5   23:58   1,7   0,0   3,8  10,7  43,5   23:43  O-SO
 4  16,1  18,8   14:48  13,5   08:49   2,0   0,0  12,8   8,2  45,1   04:40  O-SO
 5  17,1  20,2   16:53  12,4   23:08   1,3   0,4   0,0   7,3  29,0   14:00    SO
 6  16,2  17,4   12:54  14,3   00:00   1,8   0,0  41,2   6,3  27,4   02:43  S-SO
 7  16,0  18,2   15:15  13,9   08:05   2,0   0,0  10,6   2,7  19,3   23:28  S-SE
 8  17,7  20,1   13:54  16,8   00:00   0,5   0,2   3,2   7,3  32,2   18:40    SO
 9  17,4  18,6   15:36  16,8   07:25   0,6   0,0  18,8   5,7  22,5   18:39     O
10  17,5  19,4   13:26  16,6   02:01   0,7   0,1   2,2   4,3  17,7   00:02  O-SO
11  17,0  19,3   13:31  14,0   23:57   1,1   0,1  14,0   8,7  33,8   19:53  O-SO
12  13,6  17,4   13:52   9,2   08:31   4,4   0,0   8,8   9,7  41,8   00:00  O-NO
13  13,5  15,3   03:44  10,6   23:33   4,5   0,0  10,0   8,9  40,2   05:26     O
14  11,5  15,7   14:37   6,2   23:55   6,5   0,0  38,4   6,8  40,2   05:47     N
15  11,0  16,2   13:53   5,3   07:29   7,0   0,0  10,0   6,1  30,6   22:16    SO
16  13,9  17,1   16:22   9,6   06:14   4,1   0,0  19,8   8,3  40,2   00:53  S-SO
17  14,4  16,6   04:00  12,9   16:09   3,6   0,0  21,8  11,5  56,3   03:40  S-SO
18  13,7  15,3   12:31  12,0   23:46   4,3   0,0  17,2   7,7  29,0   01:05  S-SO
19  11,9  14,3   17:37   9,9   23:41   6,1   0,0   8,4   3,0  17,7   04:43     N
20  12,4  15,1   14:29   9,7   00:11   5,6   0,0   1,6   3,0  16,1   18:35     E
21  13,8  15,6   15:16  12,3   02:45   4,2   0,0   0,4   4,9  22,5   15:08  N-NE
22  14,2  15,5   14:59   9,8   23:54   3,8   0,0   0,2   1,7  12,9   14:34    NO
23  11,7  16,9   16:58   8,7   03:20   6,3   0,0   0,2   1,7  16,1   12:59  E-NE
24  14,1  18,0   16:02  11,6   00:00   3,9   0,0   0,2   5,2  24,1   14:07     E
25  12,9  14,7   15:14  11,8   08:50   5,2   0,0   0,0   6,7  20,9   13:34     E
26  12,2  13,9   14:30   9,8   23:56   5,8   0,0   1,2   9,9  43,5   23:48  E-NE
27   7,9  11,0   15:04   5,0   23:59  10,1   0,0   0,0  12,8  48,3   11:20  N-NE
28   7,1  12,3   13:51   3,2   07:47  11,4   0,0   0,0   4,7  22,5   01:27    NO
29   9,4  14,4   13:01   5,3   00:00   8,6   0,0   0,4   5,0  25,7   13:38  S-SO
30   6,5  14,9   15:15   0,6   07:19  11,5   0,0   0,0   1,3  14,5   14:54    SE
31   8,5  14,7   13:59   0,3   03:49   9,5   0,0   1,8   6,8  40,2   22:47  S-SO
----------------------------------------------------------------------------------
    13,4  20,2     5     0,3    31   144,2   0,9 250,8   6,5  56,3    17    O-SO

Max >=  25,0:  0
Max <=   0,0:  0
Min <=   0,0:  0
Min <=  -5,0:  0
Max Rain: 41,2 on day 6
Days of Rain: 20 (>= 1,0 mm)  13 (>= 5,0 mm)  11 (>= 10,0 mm)
Heat Base: 18,0  Cool Base: 18,0  Method: Integration