Sélectionnez une année ou un mois pour voir un rapport
V/Λ2024 > Jan Fév Mar Avr Mai Jui Jul Aou Sep Oct Nov Déc
V/Λ2023 > Jan Fév Mar Avr Mai Jui Jul Aou Sep Oct Nov Déc
V/Λ2022 > Jan Fév Mar Avr Mai Jui Jul Aou Sep Oct Nov Déc
V/Λ2021 > Jan Fév Mar Avr Mai Jui Jul Aou Sep Oct Nov Déc
V/Λ2020 > Jan Fév Mar Avr Mai Jui Jul Aou Sep Oct Nov Déc
V/Λ2019 > Jan Fév Mar Avr Mai Jui Jul Aou Sep Oct Nov Déc
V/Λ2018 > Jan Fév Mar Avr Mai Jui Jul Aou Sep Oct Nov Déc
V/Λ2017 > Jan Fév Mar Avr Mai Jui Jul Aou Sep Oct Nov Déc
V/Λ2016 > Jan Fév Mar Avr Mai Jui Jul Aou Sep Oct Nov Déc
V/Λ2015 > Jan Fév Mar Avr Mai Jui Jul Aou Sep Oct Nov Déc
V/Λ2014 > Jan Fév Mar Avr Mai Jui Jul Aou Sep Oct Nov Déc
V/Λ2013 > Jan Fév Mar Avr Mai Jui Jul Aou Sep Oct Nov Déc
V/Λ2012 > Jan Fév Mar Avr Mai Jui Jul Aou Sep Oct Nov Déc
V/Λ2011 > Jan Fév Mar Avr Mai Jui Jul Aou Sep Oct Nov Déc
V/Λ2010 > Jan Fév Mar Avr Mai Jui Jul Aou Sep Oct Nov Déc
V/Λ2009 > Jan Fév Mar Avr Mai Jui Jul Aou Sep Oct Nov Déc

Tableau pour 2012 Jul
                   Monthly Climatological Summary for juil. 2012

Name: Station météo amateur   City: Saint-Brevin les Pins   State: FRANCE
Elevation: 5 m  Lat: N 47° 14' 09"   Lon: W 002° 09' 35"

                  Temperature (°C), Rain (mm), Wind Speed (km/h)

                                      Heat  Cool        Avg
    Mean                              Deg   Deg         Wind                 Dom
Day Temp  High   Time   Low    Time   Days  Days  Rain  Speed High   Time    Dir
----------------------------------------------------------------------------------
 1  16,3  19,4   16:36  13,6   04:53   2,0   0,2   0,0   8,4  30,6   15:07  O-NO
 2  15,9  17,4   14:24  14,2   00:00   2,1   0,0   1,0   8,5  30,6   11:17    SO
 3  18,3  21,3   13:20  16,7   04:26   0,4   0,7   0,0   7,8  27,4   14:02    SO
 4  17,6  20,0   13:34  15,3   23:40   0,6   0,2   1,6   8,0  27,4   20:03  O-SO
 5  17,0  20,7   15:55  13,2   01:17   1,4   0,4   1,0   7,2  30,6   16:04    SO
 6  16,7  20,1   15:17  14,0   06:36   1,5   0,2   5,4   8,6  33,8   15:03     O
 7  17,3  19,3   13:28  15,6   01:27   0,8   0,1   3,4   8,7  32,2   21:41  O-SO
 8  17,2  20,4   16:09  14,2   03:54   1,2   0,4   1,0  10,3  32,2   08:59     O
 9  17,2  21,2   15:14  13,1   05:32   1,4   0,5   0,0   6,6  25,7   15:44     O
10  16,9  19,8   13:35  15,2   10:31   1,3   0,2   0,0   9,4  32,2   18:09  O-NO
11  16,3  20,4   16:08  10,4   06:37   2,1   0,4   0,2   9,6  33,8   15:18  O-NO
12  16,7  18,6   14:15  15,5   03:42   1,4   0,0   1,2  11,8  35,4   20:12     O
13  16,4  18,7   18:55  13,5   23:50   1,6   0,0  10,8   7,9  46,7   21:39     O
14  17,1  20,4   15:00  13,4   00:07   1,3   0,4   0,4  12,9  37,0   16:22     O
15  16,4  20,0   17:13  12,6   05:07   2,0   0,4   0,2   9,8  35,4   16:17  O-NO
16  17,6  21,6   13:13  12,5   03:59   1,5   1,1   0,0   9,3  33,8   14:32     O
17  19,0  23,9   16:08  15,5   23:59   0,7   1,6   0,0   6,8  24,1   02:18     O
18  17,0  22,2   14:09  10,1   05:53   2,2   1,2   0,0   6,2  32,2   15:45     O
19  18,3  22,2   13:10  14,4   07:07   0,9   1,2   0,0   9,2  29,0   14:01  O-NO
20  17,5  22,4   17:52  14,6   07:00   1,5   1,0   0,8   5,1  29,0   16:46  O-NO
21  17,6  23,8   13:18  10,4   04:05   2,5   2,1   0,0   5,0  25,7   16:20    NO
22  19,4  27,7   15:22  11,5   06:42   2,0   3,4   0,0   5,4  20,9   17:54     N
23  21,2  29,7   17:33  11,2   06:28   1,7   4,9   0,0   4,3  25,7   16:09     E
24  21,6  31,4   17:14  10,8   06:08   2,0   5,6   0,0   4,2  27,4   13:18  E-NE
25  24,1  33,9   16:45  14,1   06:38   0,7   6,7   0,0   4,7  17,7   14:44     N
26  25,8  34,9   17:32  16,9   06:58   0,1   8,0   0,2   3,9  14,5   09:07  N-NO
27  22,0  26,4   11:16  18,4   23:11   0,0   4,0   0,0   4,3  25,7   14:22    SO
28  19,4  25,7   14:16  14,2   07:41   0,8   2,1   0,0   8,6  38,6   19:44    NO
29  16,0  21,3   12:17  10,2   05:09   2,5   0,6   4,4   7,5  46,7   14:22     O
30  16,0  21,8   17:11  12,8   06:35   2,5   0,5   4,8   4,7  22,5   19:43     N
31  17,9  23,6   16:29  13,1   03:27   1,7   1,6   0,0   6,0  19,3   14:06     O
----------------------------------------------------------------------------------
    18,2  34,9    26    10,1    18    44,4  49,7  36,4   7,4  46,7    13       O

Max >=  25,0:  7
Max <=   0,0:  0
Min <=   0,0:  0
Min <=  -5,0:  0
Max Rain: 10,8 on day 13
Days of Rain: 10 (>= 1,0 mm)  2 (>= 5,0 mm)  1 (>= 10,0 mm)
Heat Base: 18,0  Cool Base: 18,0  Method: Integration