Sélectionnez une année ou un mois pour voir un rapport
V/Λ2024 > Jan Fév Mar Avr Mai Jui Jul Aou Sep Oct Nov Déc
V/Λ2023 > Jan Fév Mar Avr Mai Jui Jul Aou Sep Oct Nov Déc
V/Λ2022 > Jan Fév Mar Avr Mai Jui Jul Aou Sep Oct Nov Déc
V/Λ2021 > Jan Fév Mar Avr Mai Jui Jul Aou Sep Oct Nov Déc
V/Λ2020 > Jan Fév Mar Avr Mai Jui Jul Aou Sep Oct Nov Déc
V/Λ2019 > Jan Fév Mar Avr Mai Jui Jul Aou Sep Oct Nov Déc
V/Λ2018 > Jan Fév Mar Avr Mai Jui Jul Aou Sep Oct Nov Déc
V/Λ2017 > Jan Fév Mar Avr Mai Jui Jul Aou Sep Oct Nov Déc
V/Λ2016 > Jan Fév Mar Avr Mai Jui Jul Aou Sep Oct Nov Déc
V/Λ2015 > Jan Fév Mar Avr Mai Jui Jul Aou Sep Oct Nov Déc
V/Λ2014 > Jan Fév Mar Avr Mai Jui Jul Aou Sep Oct Nov Déc
V/Λ2013 > Jan Fév Mar Avr Mai Jui Jul Aou Sep Oct Nov Déc
V/Λ2012 > Jan Fév Mar Avr Mai Jui Jul Aou Sep Oct Nov Déc
V/Λ2011 > Jan Fév Mar Avr Mai Jui Jul Aou Sep Oct Nov Déc
V/Λ2010 > Jan Fév Mar Avr Mai Jui Jul Aou Sep Oct Nov Déc
V/Λ2009 > Jan Fév Mar Avr Mai Jui Jul Aou Sep Oct Nov Déc

Tableau pour 2012 Jui
                   Monthly Climatological Summary for juin 2012

Name: Station météo amateur   City: Saint-Brevin les Pins   State: FRANCE
Elevation: 5 m  Lat: N 47° 14' 09"   Lon: W 002° 09' 33"

                  Temperature (°C), Rain (mm), Wind Speed (km/h)

                                      Heat  Cool        Avg
    Mean                              Deg   Deg         Wind                 Dom
Day Temp  High   Time   Low    Time   Days  Days  Rain  Speed High   Time    Dir
----------------------------------------------------------------------------------
 1  19,2  26,9   17:51  12,2   06:02   2,0   3,2   0,0   6,7  24,1   13:37     E
 2  19,6  27,4   13:37  15,7   03:36   0,6   2,2   0,0   6,5  29,0   19:51  S-SE
 3  16,8  19,7   13:21  14,6   23:52   1,4   0,3   0,0  12,1  37,0   21:27  O-NO
 4  16,4  19,6   14:23  13,2   23:59   1,9   0,3   0,0  10,8  35,4   15:27  O-NO
 5  15,1  18,3   11:58  12,4   05:55   2,9   0,0   3,2   7,6  32,2   17:34  S-SO
 6  16,5  19,1   13:58  14,1   02:49   1,6   0,1   0,8   9,4  32,2   13:23  O-SO
 7  16,6  19,1   12:01  14,8   07:40   1,5   0,1   5,0  11,7  48,3   14:14    SO
 8  15,8  18,3   14:06  13,6   23:58   2,2   0,0   1,4  14,6  41,8   02:10     O
 9  14,8  17,7   17:28  12,4   04:35   3,2   0,0   3,0   8,3  27,4   13:48  O-SO
10  15,3  18,7   15:57  13,2   00:30   2,7   0,0   5,6  11,0  38,6   20:03  O-SO
11  14,6  16,8   09:57  12,3   22:15   3,4   0,0   7,6   7,1  30,6   00:18  O-NO
12  15,1  19,1   16:15  10,7   04:11   3,0   0,1   0,0   8,0  33,8   13:20  O-NO
13  14,4  17,9   14:02   9,2   06:31   3,6   0,0   0,0   7,7  29,0   15:52  O-NO
14  15,2  22,1   14:31   8,8   04:57   3,4   0,6   0,2   7,6  35,4   16:49     S
15  16,2  19,3   12:10  14,3   15:44   1,8   0,0  11,4  11,0  49,9   15:31  O-SO
16  16,5  19,2   14:35  14,7   06:45   1,6   0,1   0,2  11,9  38,6   16:42     O
17  16,4  20,0   15:56  13,1   22:42   1,9   0,3   6,6   7,9  30,6   01:12     O
18  14,3  18,6   16:29   9,7   05:15   3,8   0,0   6,0   7,0  25,7   01:31  O-NO
19  16,4  23,1   17:25   9,6   03:37   3,0   1,4   0,0   4,4  20,9   11:15    NE
20  18,6  23,8   16:26  15,6   05:00   0,6   1,2   1,4   5,7  25,7   11:23    SE
21  16,4  18,7   14:56  15,0   03:43   1,6   0,0   2,8  10,3  45,1   16:17     O
22  16,4  19,5   14:19  14,4   23:10   1,7   0,1   0,8  13,2  46,7   02:56     O
23  15,8  19,2   15:57  11,4   06:47   2,3   0,1   0,0   6,9  24,1   13:42     O
24  16,5  18,4   13:45  14,9   00:39   1,5   0,0   3,6  12,6  41,8   15:37     O
25  16,7  18,5   13:31  15,7   23:15   1,3   0,0   0,8   8,3  24,1   00:20     O
26  17,9  21,2   16:42  15,2   23:53   1,0   0,9   0,0   6,2  22,5   13:24     O
27  22,5  30,7   17:08  14,5   01:08   0,8   5,3   0,0   5,3  29,0   15:40     E
28  19,8  23,0   02:10  16,9   22:34   0,1   1,9   0,0   8,7  30,6   13:18  O-SO
29  18,5  21,4   15:29  16,3   04:55   0,4   0,9   0,0  11,0  35,4   17:03  O-SO
30  17,1  19,9   15:12  14,8   23:59   1,0   0,1   5,8  10,5  32,2   03:17     O
----------------------------------------------------------------------------------
    16,7  30,7    27     8,8    14    57,8  19,2  66,2   9,1  49,9    15       O

Max >=  25,0:  3
Max <=   0,0:  0
Min <=   0,0:  0
Min <=  -5,0:  0
Max Rain: 11,4 on day 15
Days of Rain: 13 (>= 1,0 mm)  7 (>= 5,0 mm)  1 (>= 10,0 mm)
Heat Base: 18,0  Cool Base: 18,0  Method: Integration