Sélectionnez une année ou un mois pour voir un rapport
V/Λ2024 > Jan Fév Mar Avr Mai Jui Jul Aou Sep Oct Nov Déc
V/Λ2023 > Jan Fév Mar Avr Mai Jui Jul Aou Sep Oct Nov Déc
V/Λ2022 > Jan Fév Mar Avr Mai Jui Jul Aou Sep Oct Nov Déc
V/Λ2021 > Jan Fév Mar Avr Mai Jui Jul Aou Sep Oct Nov Déc
V/Λ2020 > Jan Fév Mar Avr Mai Jui Jul Aou Sep Oct Nov Déc
V/Λ2019 > Jan Fév Mar Avr Mai Jui Jul Aou Sep Oct Nov Déc
V/Λ2018 > Jan Fév Mar Avr Mai Jui Jul Aou Sep Oct Nov Déc
V/Λ2017 > Jan Fév Mar Avr Mai Jui Jul Aou Sep Oct Nov Déc
V/Λ2016 > Jan Fév Mar Avr Mai Jui Jul Aou Sep Oct Nov Déc
V/Λ2015 > Jan Fév Mar Avr Mai Jui Jul Aou Sep Oct Nov Déc
V/Λ2014 > Jan Fév Mar Avr Mai Jui Jul Aou Sep Oct Nov Déc
V/Λ2013 > Jan Fév Mar Avr Mai Jui Jul Aou Sep Oct Nov Déc
V/Λ2012 > Jan Fév Mar Avr Mai Jui Jul Aou Sep Oct Nov Déc
V/Λ2011 > Jan Fév Mar Avr Mai Jui Jul Aou Sep Oct Nov Déc
V/Λ2010 > Jan Fév Mar Avr Mai Jui Jul Aou Sep Oct Nov Déc
V/Λ2009 > Jan Fév Mar Avr Mai Jui Jul Aou Sep Oct Nov Déc

Tableau pour 2012 Mai
                   Monthly Climatological Summary for mai 2012

Name: Station météo amateur   City: Saint-Brevin les Pins   State: FRANCE
Elevation: 5 m  Lat: N 47° 14' 09"   Lon: W 002° 09' 33"

                  Temperature (°C), Rain (mm), Wind Speed (km/h)

                                      Heat  Cool        Avg
    Mean                              Deg   Deg         Wind                 Dom
Day Temp  High   Time   Low    Time   Days  Days  Rain  Speed High   Time    Dir
----------------------------------------------------------------------------------
 1  11,5  17,8   15:21   5,7   03:58   6,5   0,0   0,0   6,5  30,6   13:52  S-SE
 2  14,4  22,7   15:47   6,0   06:36   4,6   1,0   0,0   5,9  24,1   10:47     E
 3  14,6  23,7   16:07   6,3   05:31   4,4   1,0   0,0   4,7  22,5   12:09  E-SE
 4  13,3  16,6   16:05  10,8   23:04   4,7   0,0   2,0   6,5  24,1   12:49  O-SO
 5  12,8  16,4   13:08   9,0   06:35   5,2   0,0   0,0   6,2  29,0   14:33     O
 6  11,9  15,6   12:21   7,7   23:35   6,1   0,0   0,0   7,2  30,6   15:36  O-NO
 7  13,6  17,6   16:01   8,2   00:00   4,4   0,0   0,0   7,0  27,4   15:38  S-SO
 8  14,3  15,4   15:50  12,8   00:00   3,7   0,0   4,6   8,9  29,0   12:59    SO
 9  16,0  19,3   23:20  13,6   06:33   2,2   0,1   2,2  10,7  35,4   02:25    SO
10  18,4  23,0   13:55  15,1   03:21   0,9   1,3   0,0   7,2  30,6   13:55    SO
11  15,4  19,7   14:30  11,4   23:46   2,7   0,1   0,2   7,3  32,2   23:15     N
12  13,9  19,2   17:22  10,3   06:00   4,2   0,1   0,0  12,5  45,1   13:50    NE
13  12,1  18,6   16:58   6,2   05:54   5,9   0,0   0,0   8,8  29,0   10:23  E-NE
14  11,6  17,6   17:03   3,1   06:31   6,4   0,0   0,0   6,9  32,2   21:33  O-NO
15  12,0  17,1   15:49   6,6   23:58   6,0   0,0   0,0   9,5  37,0   11:54    NO
16  11,5  18,1   16:54   4,3   07:00   6,4   0,0   0,0   6,4  24,1   17:47  E-NE
17  13,2  19,0   18:48  10,1   01:00   4,8   0,0   0,6  11,0  40,2   06:27  E-SE
18  14,1  16,7   15:07  12,3   23:50   3,9   0,0   0,0  13,1  40,2   04:59  O-SO
19  11,0  13,2   15:43   7,7   05:13   7,0   0,0   8,0   4,3  22,5   15:47  N-NE
20  11,1  13,1   11:53   9,5   07:32   6,9   0,0   3,4   7,5  29,0   19:14     N
21  12,6  17,3   16:35  10,8   00:00   5,4   0,0   6,0   6,9  27,4   08:30     N
22  14,3  20,2   16:57   9,3   02:31   4,0   0,2   0,0   8,9  30,6   19:21    NO
23  14,4  19,4   12:18   7,7   06:03   3,7   0,1   0,0   4,7  25,7   15:34  O-NO
24  18,7  26,7   17:22  10,4   06:26   2,4   3,1   0,0   6,4  24,1   16:16    NE
25  23,3  30,1   16:26  16,5   06:16   0,2   5,5   0,0   8,7  40,2   14:58     E
26  18,1  22,4   10:09  13,4   23:59   0,7   0,8   0,0  10,9  33,8   14:11     O
27  15,2  20,4   12:13   9,6   07:08   3,1   0,3   0,0   5,1  25,7   12:46  O-NO
28  16,6  24,0   17:38   8,6   05:54   3,2   1,8   0,0   3,5  19,3   18:20    NO
29  19,4  26,4   17:07  12,7   06:27   1,7   3,1   0,0   5,8  24,1   11:37     E
30  16,9  21,0   10:30  11,5   05:54   1,8   0,7   0,0   5,3  22,5   20:52  O-NO
31  15,9  20,7   16:10  11,2   03:51   2,5   0,5   0,0   4,8  22,5   15:44  O-NO
----------------------------------------------------------------------------------
    14,6  30,1    25     3,1    14   125,6  19,7  27,0   7,4  45,1    12    O-NO

Max >=  25,0:  3
Max <=   0,0:  0
Min <=   0,0:  0
Min <=  -5,0:  0
Max Rain: 8,0 on day 19
Days of Rain: 6 (>= 1,0 mm)  2 (>= 5,0 mm)  0 (>= 10,0 mm)
Heat Base: 18,0  Cool Base: 18,0  Method: Integration