Sélectionnez une année ou un mois pour voir un rapport
V/Λ2024 > Jan Fév Mar Avr Mai Jui Jul Aou Sep Oct Nov Déc
V/Λ2023 > Jan Fév Mar Avr Mai Jui Jul Aou Sep Oct Nov Déc
V/Λ2022 > Jan Fév Mar Avr Mai Jui Jul Aou Sep Oct Nov Déc
V/Λ2021 > Jan Fév Mar Avr Mai Jui Jul Aou Sep Oct Nov Déc
V/Λ2020 > Jan Fév Mar Avr Mai Jui Jul Aou Sep Oct Nov Déc
V/Λ2019 > Jan Fév Mar Avr Mai Jui Jul Aou Sep Oct Nov Déc
V/Λ2018 > Jan Fév Mar Avr Mai Jui Jul Aou Sep Oct Nov Déc
V/Λ2017 > Jan Fév Mar Avr Mai Jui Jul Aou Sep Oct Nov Déc
V/Λ2016 > Jan Fév Mar Avr Mai Jui Jul Aou Sep Oct Nov Déc
V/Λ2015 > Jan Fév Mar Avr Mai Jui Jul Aou Sep Oct Nov Déc
V/Λ2014 > Jan Fév Mar Avr Mai Jui Jul Aou Sep Oct Nov Déc
V/Λ2013 > Jan Fév Mar Avr Mai Jui Jul Aou Sep Oct Nov Déc
V/Λ2012 > Jan Fév Mar Avr Mai Jui Jul Aou Sep Oct Nov Déc
V/Λ2011 > Jan Fév Mar Avr Mai Jui Jul Aou Sep Oct Nov Déc
V/Λ2010 > Jan Fév Mar Avr Mai Jui Jul Aou Sep Oct Nov Déc
V/Λ2009 > Jan Fév Mar Avr Mai Jui Jul Aou Sep Oct Nov Déc

Tableau pour 2011 Déc
                   Monthly Climatological Summary for déc. 2011

Name: Station météo amateur   City: Saint-Brevin les Pins   State: FRANCE
Elevation: 5 m  Lat: N 47° 14' 09"   Lon: W 002° 09' 33"

                  Temperature (°C), Rain (mm), Wind Speed (km/h)

                                      Heat  Cool        Avg
    Mean                              Deg   Deg         Wind                 Dom
Day Temp  High   Time   Low    Time   Days  Days  Rain  Speed High   Time    Dir
----------------------------------------------------------------------------------
13  11,1  12,0   19:27  10,1   19:57   2,3   0,0   1,8  16,0  30,6   17:16     S
14   9,9  12,3   02:27   6,2   20:08   8,2   0,0   5,4  19,7  51,5   14:46     O
16   9,0  11,5   10:12   5,5   21:39   2,2   0,0   4,2   9,9  35,6   09:38     O
17   7,6  12,3   12:52   5,1   23:22  10,5   0,0   0,0   6,8  22,0   01:45   ONO
18   6,5  12,7   12:52   3,5   02:22  12,4   0,0   0,0   3,0  12,2   13:58   ONO
19   7,2  11,7   23:44   2,0   07:19  11,5   0,0   4,5   4,2  24,5   19:13   OSO
21  11,5  13,9   13:34   8,4   19:40  10,3   0,0   1,8   2,5  19,4   00:15     O
22  11,7  16,7   12:24   8,8   08:54   6,6   0,0   1,5   0,8   7,2   06:24   ONO
23  10,0  11,9   15:24   6,9   23:24   8,3   0,0   0,9   3,9  25,6   17:24   OSO
24   6,7  12,9   14:54   2,5   09:24  11,3   0,0   0,6   0,8  14,8   01:24     O
25   9,5  11,7   13:29   6,2   00:00   8,8   0,0   0,0   1,5  14,8   00:25    SO
26   7,8  13,3   14:45   3,1   23:32   9,2   0,0   0,0   0,6   8,6   15:42     E
27   2,6   4,9   15:25   0,4   09:40  15,6   0,0   0,0   0,6   9,7   11:03   ENE
28   8,0  13,6   14:46   4,0   00:00  10,5   0,0   0,3   2,3  22,0   16:10   OSO
29   7,7  12,3   15:19   3,2   09:15  10,6   0,0   0,3   3,3  25,6   22:57     O
30  11,0  12,1   22:07   9,7   00:07   7,3   0,0   0,6   6,6  27,0   03:26     O
31  12,1  12,4   11:46  11,7   04:10   6,3   0,0   2,7   5,9  24,5   03:32   OSO
----------------------------------------------------------------------------------
     8,8  16,7    22     0,4    27   151,9   0,0  24,6   4,5  51,5    14     OSO

Max >=  25,0:  0
Max <=   0,0:  0
Min <=   0,0:  0
Min <=  -5,0:  0
Max Rain: 5,4 on day 14
Days of Rain: 7 (>= 1,0 mm)  1 (>= 5,0 mm)  0 (>= 10,0 mm)
Heat Base: 18,3  Cool Base: 18,3  Method: Integration